ate the greatest common factor of q and n.
1
Let b = 75 - 70. Let d(k) = 8*k - 38. Let j be d(b). Suppose j*y - 4*m - 204 = 0, y - 87 = 2*m + 3*m. What is the greatest common divisor of y and 14?
14
Suppose 20648 = 26*i - 12938 - 1228. Calculate the greatest common divisor of i and 824.
103
Suppose 4*t - 255 = -t. Suppose 3*d - 3*c + t = 0, 0*c = -4*d - 3*c - 61. Let u be 18/(3*(-4)/d*2). What is the greatest common divisor of u and 18?
6
Suppose 4*v + 352 = -280. Let o = v + 268. Let z = 16864 + -16844. What is the highest common divisor of z and o?
10
Suppose 0 = -9*b - 16*b + 18300. Calculate the greatest common divisor of b and 8.
4
Let h be 0*((-33)/(-21) + (-4)/7). Suppose -t - 2*c = -251 - 119, h = -3*t - 3*c + 1101. What is the greatest common divisor of t and 52?
52
Suppose 185*h - 188*h + 837 = 0. Calculate the greatest common divisor of 9 and h.
9
Let t(x) = -5*x**3 - 3*x**2 + 33*x + 68. Let q be t(-3). Calculate the greatest common divisor of 814 and q.
11
Let y be (14/3)/((-2)/(-18)). Let j = -148016 + 148268. What is the highest common factor of j and y?
42
Let i(v) = v + 440. Let t be i(0). Suppose 0 = -30*n - 25*n + 46*n + 180. Calculate the greatest common factor of n and t.
20
Let a = 2549 - 2150. Calculate the highest common factor of a and 114.
57
Let g be ((-5)/(-7))/(9/441). Let q(t) = -11*t**3 + 11*t + 5. Let i be q(-4). Calculate the highest common factor of i and g.
35
Let b(u) = -33*u - 4. Let o be b(-3). Suppose -4698 = -319*q + 1682. What is the greatest common divisor of o and q?
5
Let q = 1554 - 1507. What is the greatest common divisor of q and 799?
47
Let f be 1995/(-90)*(-1890)/245. Let h = 212 + -98. Calculate the highest common divisor of f and h.
57
Let b be 9/(-27)*(-233 + -4 + -3). Calculate the greatest common divisor of 880 and b.
80
Let f = 10114 - 10104. What is the greatest common factor of f and 19070?
10
Let t be (-3)/((-42)/4) + 285136/497. Calculate the highest common divisor of t and 28.
14
Let x(l) = -1793*l - 10725. Let m be x(-6). Suppose 0 = 3*q - 31 - 2. What is the highest common divisor of q and m?
11
Let z = -1320 - -1362. Calculate the highest common divisor of z and 938.
14
Let w(o) = -o**3 - 7*o**2 + 16*o - 13. Let l be w(-9). Suppose -3*h - l*q = 186 - 565, q + 4 = 0. Calculate the highest common divisor of h and 19.
19
Let z(i) = 3*i**2 + 3*i. Let y be z(-3). Let w = -2089 - -1103. Let g be w/(-22) + ((-98)/77)/(-7). What is the highest common divisor of g and y?
9
Suppose 25090 = -857*x + 438*x + 432*x. What is the greatest common factor of 50 and x?
10
Let q(r) = 5*r**2 - 20*r - 42. Let f be q(-2). What is the greatest common divisor of f and 36?
18
Suppose 0 = p - 5*f - 17, 25 = 5*p - 31*f + 26*f. Calculate the greatest common factor of p and 799.
1
Suppose w - 4*w + 3*v - 117 = 0, 3*w = 4*v - 113. Let z = 106 + w. Calculate the greatest common factor of z and 252.
63
Let c = 279 + -204. Suppose -68*d + c*d = 147. Let h be (-28 + 0/(-2))*-1. What is the highest common divisor of d and h?
7
Let w = -901 + 1041. Let c = 14 - 12. Suppose 0 = -q - c*u + 16, 37 + 71 = 5*q - 4*u. What is the greatest common divisor of w and q?
20
Let l = 4253 + -2732. What is the greatest common divisor of 26 and l?
13
Let y(r) = -r**2 - 8*r + 24. Let f be y(-10). Suppose s = -2*s + 18, 3*l - 4*s = 360. What is the highest common divisor of l and f?
4
Let y(d) = 2*d**2 - 10*d + 9. Let z be y(9). Let r = z - 43. Suppose 348 = b - 2*g, 0 = b - 0*g + 2*g - 336. Calculate the highest common divisor of b and r.
38
Let c = 5947 - 5765. Calculate the highest common factor of c and 56.
14
Let m be 24 - ((-4)/1)/(-4). Suppose 7 - m = -r. Let p be 28*((-45)/35 + 3). What is the greatest common factor of p and r?
16
Suppose 7*k = 94 + 2223. Let z be (6 - 8/2) + k. Suppose 9*d + 0*d - z = 0. What is the highest common factor of d and 259?
37
Let k = 377 - 341. Let h(t) = -t**2 + 4*t + 3. Let u be h(5). Let m(x) = -11*x - 4. Let a be m(u). What is the highest common divisor of a and k?
18
Let c = -7641 + 7747. Calculate the highest common factor of c and 3975.
53
Let n = 7 - 12. Let v be (-147)/n - (-4)/(-10). Let x = 11282 - 11195. What is the highest common divisor of x and v?
29
Let d = -9719 - -11816. Calculate the greatest common factor of d and 9.
9
Let i = -1670 - -1683. Let j(x) = 50*x + 1. Let b be j(7). What is the highest common factor of b and i?
13
Let m be (-738)/(-63) + -12 - (-74)/14. Suppose -12*i + m*i = -77. What is the greatest common factor of 77 and i?
11
Let l(i) = 3*i**2 - 625*i + 6915. Let n be l(197). Let u be (62/2 - 0)*1. What is the greatest common factor of u and n?
31
Let b = 14284 + -14192. Calculate the greatest common factor of b and 27784.
92
Let p = 5506 + -2884. What is the highest common divisor of 114 and p?
114
Let u(c) = -c**3 - 8*c**2 + 3*c + 26. Let m = 70 + -78. Let r be u(m). Let s = 57 - 56. What is the highest common divisor of s and r?
1
Let p = -4140 - -4212. What is the greatest common divisor of p and 972?
36
Suppose -4*q - 22 = -8*q + 2*u, -2*q = 5*u - 5. Suppose m - 4*k + 14 = 24, q*k - 28 = -m. Calculate the highest common factor of 414 and m.
18
Suppose -39*o = -52*o + 364. What is the highest common divisor of 21 and o?
7
Suppose -k = -3*x - 19 + 6, -5*k = -3*x - 41. Let o = 493 + -556. Let v be (-783)/o + -12 + 389/7. Calculate the greatest common divisor of v and k.
7
Suppose 0*f - 26*f - 26026 = 0. Suppose 0 = u + 4*u - 5. Let i be 12*u*f/(-52). Calculate the highest common divisor of i and 21.
21
Let b(r) = -2*r**3 - r**2 - 3*r + 96. Let p be b(-4). What is the highest common factor of p and 2300?
20
Let z(f) = 32*f + 520. Let t be z(-4). What is the highest common divisor of 3038 and t?
98
Let g be (0 - 0/(-4 - -2))/2. Suppose -7*c - 131 - 93 = g. Let k be ((-3)/(-2))/((-3)/c). What is the highest common factor of k and 2?
2
Let w = 4984 + -4894. Calculate the highest common factor of 105 and w.
15
Suppose -75*x - 18402 + 101713 = -50039. Calculate the greatest common factor of x and 381.
127
Suppose -5*z + 4*c - 5 = 0, 4*z - 2*z - c + 5 = 0. Let x be (3240/6)/9 + z/1. Calculate the highest common divisor of 55 and x.
55
Let k = 9847 - 9612. Suppose -3*y + 194 = y + 3*i, -2*y = -3*i - 88. What is the greatest common divisor of k and y?
47
Let a(n) = -3*n**3 + 67*n**2 - 14*n + 34. Let j be a(22). Calculate the greatest common factor of j and 2870.
70
Suppose -27*a = 32*a + 10*a - 5037. Let o(p) = p - 12. Let y be o(13). Calculate the greatest common divisor of a and y.
1
Let f = 190 - 181. Suppose w = q - 88, 376 = -5*q + f*q + 4*w. What is the highest common factor of q and 26?
13
Let h = 155 + -329. Let d = 81 - h. What is the greatest common divisor of 17 and d?
17
Let q = -67 + 71. Suppose 46 = q*k - 22. Suppose -z = -2*c - k, -2*c + 5 - 41 = -2*z. What is the greatest common divisor of 152 and z?
19
Let i be 4/(-10) + 5676/15. Let x(n) = 106*n + 106. Let b be x(8). Suppose 14*z + 366 = b. Calculate the highest common divisor of z and i.
42
Let w = 438 - 405. Suppose -4*s - 4*z = -60, -2*s + 0*z + w = 5*z. What is the highest common factor of s and 14?
14
Let i = -14429 - -14480. Calculate the greatest common factor of 45 and i.
3
Suppose -40 = -4*c + 3*c. Let n be (-122863)/(-5089) - (-1)/(-7). What is the greatest common factor of c and n?
8
Suppose -4 = -4*x - 4*f, -2*f + 3 = -x - 5*f. Let l = -173 - -175. Suppose -l*o + 22 = -2. What is the highest common factor of x and o?
3
Suppose -4*n - 56 = -2*d, -5*d = -5*n - 70 - 50. Suppose 4*f - 11*f + 2905 = 0. Let m = -255 + f. Calculate the highest common factor of d and m.
20
Let k be (21 + (-4690)/42)/((-1)/6). What is the highest common divisor of 3043 and k?
17
Let n(l) = -3*l - 12. Suppose 33 = -3*f + 4*q, -6*f - 4*q = -8*f - 18. Let z be n(f). What is the greatest common factor of z and 297?
33
Let h = 63 - -36. Let r = -529 + 748. Suppose 16*j - 309 = r. What is the highest common factor of j and h?
33
Suppose -6*b - 2772 = 12*b. Let w be (-28)/b + ((-150)/(-22) - 2). Suppose 61*f = 56*f + 10. Calculate the greatest common factor of f and w.
1
Let c be (-578)/(-17) + (-2 - 0). Let g be c/(-16)*114/(-4). Suppose 3*r + 2*o = 6*r - 176, r - g = o. What is the greatest common divisor of 93 and r?